b15c8b
In base 13, what is 5 - cb4ba9?
-cb4ba4
In base 2, what is -10101101011011101 + 100110001011?
-10101000101010010
In base 9, what is -106 + 65434?
65327
In base 6, what is -3030 + 1512120?
1505050
In base 12, what is -50 - -60706?
60676
In base 4, what is -11320022 + 2110?
-11311312
In base 11, what is -6 - 6a8047?
-6a8052
In base 15, what is -59b2c83 + -3?
-59b2c86
In base 16, what is 4 - -211d5f?
211d63
In base 5, what is 11014422 + -3134?
11011233
In base 14, what is -7dc7dd + -2?
-7dc801
In base 3, what is -1122110022 - 1011?
-1122111110
In base 7, what is 111200406 + 0?
111200406
In base 4, what is -2123110 - -12323?
-2110121
In base 15, what is -4b84 + d5?
-4a9e
In base 8, what is 43326 + 513?
44041
In base 8, what is -233 + -211461?
-211714
In base 7, what is 42 - -2546246?
2546321
In base 3, what is 22211011200 - 122?
22211011001
In base 11, what is 12695394 + -4?
12695390
In base 10, what is -1212735 - -662?
-1212073
In base 4, what is -1 + 221311223123?
221311223122
In base 3, what is 10110122100202 + -20012?
10110122010120
In base 7, what is 0 + 121233651?
121233651
In base 9, what is 63 + -3247851?
-3247777
In base 16, what is -10e268 - 2?
-10e26a
In base 4, what is 312 - 1003023?
-1002111
In base 7, what is -2 - -3034224166?
3034224164
In base 9, what is 121387 - -320?
121717
In base 14, what is -a - 1c0827?
-1c0833
In base 6, what is 20 - -105245440?
105245500
In base 4, what is 2011303003210 + 3?
2011303003213
In base 8, what is -167347 + 233?
-167114
In base 2, what is -110010101101111000011 + 1011101?
-110010101101101100110
In base 11, what is -1 - -17506378?
17506377
In base 16, what is 14f33 - -4d?
14f80
In base 13, what is 6506915 + -2?
6506913
In base 8, what is -12401 + -6364?
-20765
In base 16, what is -69cf + -693?
-7062
In base 15, what is -d4d7d + -11a?
-d4e98
In base 13, what is -19 + -2c44118?
-2c44134
In base 3, what is -102 - -100100021100010?
100100021022201
In base 3, what is -22202 + -12220022110?
-12220122012
In base 15, what is -a5 + 16e459?
16e3a4
In base 6, what is 1422353055 - -1?
1422353100
In base 8, what is 56 + -144265?
-144207
In base 4, what is -1213 - -301003001?
301001122
In base 4, what is 13312322202312 - 22?
13312322202230
In base 7, what is 24 + 6025232?
6025256
In base 15, what is 7d + 1952c?
195aa
In base 2, what is -1101000011011 - -101011111?
-1100010111100
In base 16, what is -6 - -1839aee?
1839ae8
In base 6, what is 3131145440 + -13?
3131145423
In base 14, what is -2 - -da9473?
da9471
In base 2, what is 11 - -1011101000111000000001110?
1011101000111000000010001
In base 13, what is 4 - -1612c8?
1612cc
In base 4, what is -2002200 - 200?
-2003000
In base 13, what is 1cb927 - -322?
1cbc49
In base 14, what is -6d78c04 + 4?
-6d78c00
In base 9, what is -10 - 57462285?
-57462305
In base 5, what is 2201 - -14221?
21422
In base 7, what is 322456 + 3464?
326253
In base 9, what is 183 + -2102?
-1808
In base 16, what is -2 + 36cd011?
36cd00f
In base 12, what is 6 + -122263?
-122259
In base 15, what is -7128 + -11c?
-7245
In base 3, what is 1212112000101 - 2001?
1212111221100
In base 15, what is 64496 + -2c?
64469
In base 12, what is -14 - -77b507?
77b4b3
In base 6, what is 3 + -4324254?
-4324251
In base 9, what is 15082 + -3338?
11643
In base 4, what is 3203030311 + -2212?
3203022033
In base 14, what is -243c - -310?
-212c
In base 9, what is 8 + -8842037?
-8842028
In base 11, what is 11a99 + 345?
12333
In base 9, what is 165540411 - -11?
165540422
In base 10, what is 70 + -169379?
-169309
In base 10, what is -1786 + -11610?
-13396
In base 15, what is -6 + 376c9e3?
376c9dc
In base 12, what is -2b74ba1 - 124?
-2b75105
In base 11, what is 16 - 21941a?
-219404
In base 10, what is 2425069 - -93?
2425162
In base 5, what is -3302144 - -44404?
-3202240
In base 8, what is 154404 - 70?
154314
In base 2, what is -11100000 - 10000011100110111?
-10000100000010111
In base 12, what is 28 + b2898?
b2904
In base 3, what is -200 - 1001112200000221?
-1001112200001121
In base 6, what is -43354423 + 1?
-43354422
In base 13, what is 419a2c5 + -14?
419a2b1
In base 6, what is -10 + -112014242?
-112014252
In base 3, what is 210 - 200200022020?
-200200021110
In base 10, what is -33 - 9380?
-9413
In base 5, what is -34 - 3403033?
-3403122
In base 14, what is -ad3 - 36d6?
-43c9
In base 3, what is -11210011 - -12201021?
221010
In base 8, what is -1352766 - -3430?
-1347336
In base 2, what is -1 - 11101000101101110110011?
-11101000101101110110100
In base 14, what is -4a27 + 2b6d?
-1c98
In base 2, what is 110100 - 1010111111001000?
-1010111110010100
In base 3, what is 12202 + 2020122100?
2020212002
In base 10, what is -108978 + 224?
-108754
In base 6, what is 5542054104 - -1?
5542054105
In base 15, what is -d90 + -1281b?
-136ab
In base 9, what is 60887 + -403?
60484
In base 6, what is 4 - 124221143?
-124221135
In base 8, what is 6 + 554711565?
554711573
In base 11, what is 6 - -3695091?
3695097
In base 7, what is 56361 - -550?
60241
In base 9, what is 408 + 38550?
40058
In base 12, what is -1332 + 63a99?
62767
In base 9, what is -578414 + 34?
-578370
In base 3, what is 2002 - 100111022?
-100102020
In base 13, what is 5 + 19ba05?
19ba0a
In base 16, what is -4c04f - 0?
-4c04f
In base 7, what is -15556035 - -1?
-15556034
In base 4, what is 10331 + -233020001?
-233003010
In base 3, what is 10222 - 20112102122?
-20112021200
In base 7, what is 412412143 + -2?
412412141
In base 9, what is 1 - -164810654?
164810655
In base 3, what is 10010200001020 + 101?
10010200001121
In base 14, what is 11aca260 - 1?
11aca25d
In base 7, what is 54656250 - 122?
54656125
In base 13, what is 357a - -263?
3810
In base 16, what is d2465 - 3?
d2462
In base 16, what is 46 - 563add?
-563a97
In base 5, what is -13301 - -2204220?
2140414
In base 12, what is -553b03 - -3b?
-553a84
In base 14, what is -1b + 10175c3?
10175a6
In base 9, what is -31 - -863778?
863747
In base 3, what is -22 - 1010110121020?
-1010110121112
In base 10, what is 2170 - 145478?
-143308
In base 12, what is 6b + -199a61?
-1999b2
In base 3, what is -1121011010122 - 111?
-1121011011010
In base 15, what is -5 - -863d3?
863cd
In base 15, what is 8 + -48b5e3?
-48b5da
In base 10, what is 11388 + -3093?
8295
In base 12, what is -4 - -7244bb4?
7244bb0
In base 6, what is 10335344 + 304?
10340052
In base 3, what is -222200010 - 11020?
-222211100
In base 11, what is 1857 + -76440?
-74694
In base 5, what is -31011102 - 2?
-31011104
In base 7, what is 20 + -6140143?
-6140123
In base 6, what is 2052255 + 3?
2052302
In base 13, what is 4c229 + 27?
4c253
In base 5, what is 0 + 104101412?
104101412
In base 9, what is -254846 + 17?
-254828
In base 7, what is -10 + -26640464?
-26640504
In base 11, what is 1 - 19586978?
-19586977
In base 12, what is -8398 - -156?
-8242
In base 11, what is 1a + 1a084?
1a0a3
In base 13, what is -6 - 12cb02b?
-12cb034
In base 9, what is -27346 - -5?
-27341
In base 15, what is -1722bdd + -1?
-1722bde
In base 11, what is 31 - 1561254?
-1561223
In base 9, what is -4671430 - -20?
-4671410
In base 15, what is -9 + -1c1ee4?
-1c1eed
In base 4, what is 1123 + 22131100?
22132223
In base 10, what is 3 + -2520293?
-2520290
In base 11, what is -203959 - 3?
-203961
In base 5, what is -1 - 1042003324231?
-1042003324232
In base 2, what is 1110110110101101111011000011 - -1?
1110110110101101111011000100
In base 4, what is 11001202 - 2023221?
2311321
In base 10, what is 1 + -3380719?
-3380718
In base 14, what is 3 - 37a0a5?
-37a0a2
In base 8, what is 13426615 + 2?
13426617
In base 4, what is -10 + -12203333303011?
-12203333303021
In base 9, what is -6761107 + -5?
-6761113
In base 5, what is -200212 - -124303?
-20404
In base 13, what is -5340339 - 1?
-534033a
In base 5, what is 4 + 12130321044?
12130321103
In base 6, what is -3 + 1454141455?
1454141452
In base 4, what is 23210113 + -13122?
23130331
In base 3, what is 1 - -1020100100120222?
1020100100121000
In base 3, what is 2111011110000001 - -12?
2111011110000020
In base 9, what is 82016784 + 0?
82016784
In base 13, what is 5 + -130c236?
-130c231
In base 4, what is -1011031313012001 - 11?
-1011031313012012
In base 4, what is 103213010231232 + 10?
103213010231302
In base 12, what is -321a + 2a4?
-2b36
In base 14, what is -4 + 147bb11c?
147